366
In base 8, what is 64014712 + 1?
64014713
In base 11, what is 19 + a12465?
a12483
In base 10, what is -4 - -36918743?
36918739
In base 2, what is -101 + 1000000100101011000100110?
1000000100101011000100001
In base 15, what is -13 - 1b74058?
-1b7406b
In base 8, what is 503416 + -2110?
501306
In base 5, what is -2341 + -10202310?
-10210201
In base 8, what is -67465 - -2672?
-64573
In base 7, what is -162534262 + 13?
-162534246
In base 7, what is -644440 - 0?
-644440
In base 14, what is 45c6cd8 - -5?
45c6cdd
In base 3, what is -122001011200111 - -121?
-122001011122220
In base 16, what is -17f1e - -a?
-17f14
In base 14, what is -29c75 + -1a5?
-2a03a
In base 14, what is 1767a9 + -28?
176781
In base 13, what is -5 - b27cb5a?
-b27cb62
In base 6, what is 34445 + -1540541?
-1502052
In base 5, what is 2 + -12204011202?
-12204011200
In base 12, what is 923005 + -33?
922b92
In base 9, what is 15525152 - 4?
15525147
In base 2, what is 11011111011111101110 - 100011011?
11011111011011010011
In base 8, what is 324 - -16606177?
16606523
In base 2, what is 110 - 1010110000001100110000?
-1010110000001100101010
In base 5, what is -20113 - -12434142?
12414024
In base 10, what is -8516604 - -2?
-8516602
In base 12, what is 10b3a253 - 4?
10b3a24b
In base 6, what is 51121422 + 12?
51121434
In base 16, what is -21d669 + -11?
-21d67a
In base 4, what is -321231320 + -1032?
-321233012
In base 11, what is 18 + 204803?
204820
In base 10, what is 21783050 - 5?
21783045
In base 11, what is 55a2a + 25a2?
58521
In base 3, what is 102111222120222 + -10?
102111222120212
In base 16, what is -11c3e + -5fc?
-1223a
In base 9, what is -624683 - -1?
-624682
In base 10, what is -46043884 - 5?
-46043889
In base 7, what is 212323 + -663?
211330
In base 14, what is -ba5d559 - 4?
-ba5d55d
In base 15, what is -2 - 8b98021?
-8b98023
In base 4, what is -20 - 101001010002?
-101001010022
In base 2, what is 1 - 1100111000100100011101111?
-1100111000100100011101110
In base 12, what is 2 + -a038001?
-a037bbb
In base 7, what is -46206 + 63426?
14220
In base 2, what is 100000010010011001 + -10101100001?
11111111100111000
In base 12, what is -2214b2 - 1b?
-221511
In base 16, what is -23 - -343df?
343bc
In base 16, what is -2a2f - -4699?
1c6a
In base 4, what is -12330111331 - 12203?
-12330130200
In base 16, what is -15cb7 - 384?
-1603b
In base 12, what is -b + 3824b5?
3824a6
In base 14, what is 5b0410 - -3b?
5b044b
In base 10, what is 102 + 2926102?
2926204
In base 2, what is -1000000110 + -101110110001101111111?
-101110110010110000101
In base 2, what is 10001011010100000100001011 - 1000?
10001011010100000100000011
In base 6, what is -3550333 + -144?
-3550521
In base 15, what is -36d7ed - 44?
-36d842
In base 14, what is -2834 - -39335?
36901
In base 5, what is -202443111 + 212?
-202442344
In base 16, what is 21 - 99122?
-99101
In base 16, what is -cd - -21feb?
21f1e
In base 14, what is 22b - 76a7b?
-76850
In base 5, what is 1 + -1331224321?
-1331224320
In base 14, what is 60 - -66027c?
6602dc
In base 12, what is -121259 + -14?
-121271
In base 11, what is -5 + 6220a8?
6220a3
In base 7, what is 1266442532 + 1?
1266442533
In base 10, what is 7 - -405656?
405663
In base 6, what is 20343 + 141223?
202010
In base 14, what is 785006 - -16?
78501c
In base 15, what is 418119 - 6?
418113
In base 10, what is 3 + -1080917?
-1080914
In base 14, what is 305 - -392c?
3c33
In base 12, what is -19b47a + -365?
-19b823
In base 4, what is -11 + 2313003210200?
2313003210123
In base 7, what is -21 + 62440322?
62440301
In base 9, what is 3753 - -3215?
7068
In base 2, what is -1011111100001100010110 + 11?
-1011111100001100010011
In base 12, what is 16921 - 252?
1668b
In base 13, what is -3798a49 + -9?
-3798a55
In base 6, what is 53022 - -243453?
340515
In base 3, what is -2 + 112011221121002?
112011221121000
In base 3, what is 12 + -12110201000?
-12110200211
In base 2, what is 110010000100 - -1101110101111?
10100000110011
In base 13, what is -135a6a - -5?
-135a65
In base 5, what is 1233 + 2324144?
2330432
In base 3, what is 1012211212221 - 20121?
1012211122100
In base 10, what is 47 - -10411092?
10411139
In base 15, what is 1daa - ae1b?
-9061
In base 3, what is -21212 - -110021010?
102222021
In base 2, what is -1111101010110101 + 1101111111?
-1111011100110110
In base 7, what is 0 + -60002313?
-60002313
In base 7, what is 5 + -1663536?
-1663531
In base 2, what is 1001100 + 111101000011010100011?
111101000011011101111
In base 10, what is 4767 + -187267?
-182500
In base 12, what is -124a - 14169?
-153b7
In base 6, what is 12521 - 3032505?
-3015544
In base 9, what is -64 + 365735?
365661
In base 7, what is 41340 - 450435?
-406065
In base 4, what is 0 + -13330131313331?
-13330131313331
In base 14, what is 1775 - -4064?
57d9
In base 7, what is 1 + 1060243203?
1060243204
In base 8, what is -710 + 206113?
205203
In base 8, what is 31507 + -15140?
14347
In base 8, what is -203 - 61273?
-61476
In base 3, what is -110121112 - 221201000?
-1102022112
In base 6, what is 14103 + 1152024?
1210131
In base 7, what is 6460444 - 2554?
6454560
In base 13, what is 3aa08361 + 2?
3aa08363
In base 10, what is 8070 - 18107?
-10037
In base 7, what is -5 - -56513511?
56513503
In base 4, what is -10022221 - 23220?
-10112101
In base 12, what is -a627b + -1257?
-a7516
In base 14, what is -5 + -4a36267?
-4a3626c
In base 5, what is -21 + 123242230?
123242204
In base 4, what is -103013130 - 2310?
-103022100
In base 14, what is 5 + 42c067?
42c06c
In base 2, what is -1011111100000110111011100101 + -10?
-1011111100000110111011100111
In base 6, what is -1100 - 2522155?
-2523255
In base 10, what is 46 - -195096?
195142
In base 15, what is 1e + -16aec?
-16acd
In base 13, what is 49b4712 - 0?
49b4712
In base 5, what is -1214201132 + -31?
-1214201213
In base 14, what is -2223 - -abd?
-1544
In base 10, what is -1 + 216184696?
216184695
In base 11, what is -773692 - 27?
-773709
In base 9, what is 128064 + -164?
127800
In base 12, what is -11 - 535303?
-535314
In base 9, what is -167522225 + -6?
-167522232
In base 3, what is 2 + 211210110222002?
211210110222011
In base 8, what is -35 - 4147463?
-4147520
In base 6, what is 13303242 + 110?
13303352
In base 7, what is -362064365 + 3?
-362064362
In base 9, what is 178 + -11228888?
-11228710
In base 2, what is 11 + -10011101011001110010000111?
-10011101011001110010000100
In base 3, what is 2102102202 - -20221?
2102200200
In base 8, what is -665274753 - -6?
-665274745
In base 10, what is -650282273 + -2?
-650282275
In base 4, what is 32213133 + -230?
32212303
In base 2, what is -100 - -1000111110101010110011101?
1000111110101010110011001
In base 13, what is -c515c - 2a9?
-c5438
In base 6, what is -4151125 - 22324?
-4213453
In base 7, what is 104 + -6650024?
-6646620
In base 3, what is 112101 + -2010002110?
-2002120002
In base 12, what is 1ab0501 - -b3?
1ab05b4
In base 4, what is -21320 - -312321?
231001
In base 3, what is 110022 + -111200201?
-111020102
In base 7, what is -1060111042 + 3?
-1060111036
In base 14, what is -52a + -55643?
-55b6d
In base 9, what is 2 + 405864133?
405864135
In base 5, what is 111243402 - -131?
111244033
In base 3, what is -22012 - -11111202?
11012120
In base 10, what is 12612962 - 13?
12612949
In base 14, what is -14 - -7539dd?
7539c9
In base 12, what is 99b6bb - -a?
99b709
In base 11, what is 3331082 - -56?
3331128
In base 8, what is 4 - 4211460?
-4211454
In base 11, what is -5 + -114a5750?
-114a5755
In base 14, what is -44cc3b + -17b?
-44cdb8
In base 2, what is -1 + 1111111111010101101011111100?
1111111111010101101011111011
In base 5, what is -120143 - -422242?
302044
In base 14, what is -d4d - -38c1?
2972
In base 15, what is 2190 - 26?
2169
In base 11, what is -21a9 + 35787?
33589
In base 16, what is -3 - 12914a9f?
-12914aa2
In base 2, what is -1100100110011110010001 + -110010101?
-1100100110100100100110
In base 10, what is -878 - 29324?
-30202
In base 14, what is 6859a + -45?
68555
In base 10, what is 225 + 28778?
29003
In base 13, what is -7344 - -394a?
-36c7
In base 16, what is -826 - 3144?
-396a
In base 5, what is -3 + -1240214302?
-1240214310
In base 3, what is -2001012221212210 - 0?
-2001012221212210
In base 6, what is -1104 + 121140?
120032
In base 14, what is 8621b3b + 4?
8621b